What is the remainder when 194081 is divided by 4219?
7
Calculate the remainder when 931354 is divided by 96.
58
Calculate the remainder when 147244 is divided by 73301.
642
What is the remainder when 1660479 is divided by 2217?
2163
Calculate the remainder when 127756 is divided by 2209.
1843
What is the remainder when 1702114 is divided by 15334?
40
What is the remainder when 70234 is divided by 6378?
76
What is the remainder when 1631741 is divided by 10465?
9666
Calculate the remainder when 10601720 is divided by 111.
110
Calculate the remainder when 8070931 is divided by 64055.
1
Calculate the remainder when 14939250 is divided by 142.
140
What is the remainder when 484926 is divided by 44057?
299
What is the remainder when 83786 is divided by 1783?
1768
What is the remainder when 499342 is divided by 572?
558
Calculate the remainder when 37566281 is divided by 34.
21
What is the remainder when 28126152 is divided by 3368?
3352
What is the remainder when 2908198 is divided by 891?
865
What is the remainder when 1051072 is divided by 24?
16
What is the remainder when 251123 is divided by 2537?
2497
Calculate the remainder when 484832 is divided by 211.
165
Calculate the remainder when 1010540 is divided by 491.
62
Calculate the remainder when 65266 is divided by 72.
34
Calculate the remainder when 19998328 is divided by 9999153.
22
What is the remainder when 216950 is divided by 43374?
80
Calculate the remainder when 14559114 is divided by 323535.
39
Calculate the remainder when 2919322 is divided by 4583.
4534
Calculate the remainder when 22666863 is divided by 22666855.
8
What is the remainder when 31795062 is divided by 34?
30
Calculate the remainder when 294184 is divided by 97950.
334
What is the remainder when 3321863 is divided by 3321776?
87
Calculate the remainder when 40363018 is divided by 8.
2
Calculate the remainder when 21940705 is divided by 21940681.
24
Calculate the remainder when 2927484 is divided by 1159.
1009
What is the remainder when 146885 is divided by 676?
193
Calculate the remainder when 214468 is divided by 42772.
608
What is the remainder when 35285335 is divided by 1403?
1288
Calculate the remainder when 443296961 is divided by 5022.
5021
What is the remainder when 11573091 is divided by 48?
3
Calculate the remainder when 444988998 is divided by 421.
418
What is the remainder when 94009688 is divided by 6130?
8
Calculate the remainder when 12552405 is divided by 2341.
2304
What is the remainder when 26135 is divided by 6518?
63
What is the remainder when 50862241 is divided by 1270?
11
Calculate the remainder when 2030440 is divided by 2030426.
14
Calculate the remainder when 783348 is divided by 260710.
1218
Calculate the remainder when 75561 is divided by 106.
89
What is the remainder when 506071 is divided by 1622?
7
Calculate the remainder when 10716451 is divided by 299.
291
What is the remainder when 39920 is divided by 6414?
1436
What is the remainder when 10150582 is divided by 48107?
5
What is the remainder when 1359571 is divided by 12?
7
What is the remainder when 59921 is divided by 19872?
305
Calculate the remainder when 212457 is divided by 271.
264
What is the remainder when 925450 is divided by 3477?
568
Calculate the remainder when 4678243 is divided by 253.
20
Calculate the remainder when 248730 is divided by 1350.
330
What is the remainder when 25445718 is divided by 635?
633
Calculate the remainder when 291587079 is divided by 145793535.
9
Calculate the remainder when 509781 is divided by 126950.
1981
Calculate the remainder when 39225 is divided by 3851.
715
What is the remainder when 57509138 is divided by 6154?
8
What is the remainder when 8753 is divided by 8090?
663
What is the remainder when 965027 is divided by 8313?
719
What is the remainder when 369394 is divided by 66?
58
Calculate the remainder when 751839 is divided by 3241.
3168
What is the remainder when 535612959 is divided by 38?
33
Calculate the remainder when 14607538 is divided by 1918.
50
What is the remainder when 13639989 is divided by 910?
909
What is the remainder when 2438767 is divided by 3350?
3317
What is the remainder when 7176770 is divided by 7176767?
3
What is the remainder when 27111033 is divided by 286?
235
Calculate the remainder when 890069 is divided by 888783.
1286
What is the remainder when 32057412 is divided by 226?
216
What is the remainder when 374324347 is divided by 161?
152
Calculate the remainder when 2512713 is divided by 837566.
15
Calculate the remainder when 9016020 is divided by 250445.
0
Calculate the remainder when 23974 is divided by 18.
16
What is the remainder when 152819 is divided by 8408?
1475
Calculate the remainder when 1532713 is divided by 151.
63
What is the remainder when 50306091 is divided by 8080?
11
What is the remainder when 34345 is divided by 1987?
566
What is the remainder when 34881911 is divided by 15?
11
Calculate the remainder when 13672422 is divided by 2097.
2079
What is the remainder when 3443330 is divided by 111?
110
Calculate the remainder when 4143637 is divided by 121.
113
Calculate the remainder when 198276 is divided by 2243.
892
What is the remainder when 11429 is divided by 1381?
381
What is the remainder when 28304 is divided by 2199?
1916
What is the remainder when 3242073 is divided by 135086?
9
What is the remainder when 341246 is divided by 67956?
1466
What is the remainder when 9675457 is divided by 879586?
11
What is the remainder when 301273 is divided by 297767?
3506
What is the remainder when 700086 is divided by 233306?
168
Calculate the remainder when 7643251 is divided by 24.
19
What is the remainder when 17144 is divided by 3120?
1544
Calculate the remainder when 62624 is divided by 31310.
4
Calculate the remainder when 30386 is divided by 1595.
81
Calculate the remainder when 400808 is divided by 2473.
182
Calculate the remainder when 154883 is divided by 781.
245
Calculate the remainder when 9333445 is divided by 233336.
5
Calculate the remainder when 11688 is divided by 240.
168
Calculate the remainder when 980949 is divided by 4293.
2145
What is the remainder when 386468 is divided by 302?
210
What is the remainder when 21948680 is divided by 914527?
32
Calculate the remainder when 8889105 is divided by 274.
271
What is the remainder when 11432153 is divided by 180?
173
What is the remainder when 4489685 is divided by 223?
26
What is the remainder when 148055 is divided by 54?
41
Calculate the remainder when 871718 is divided by 18927.
1076
Calculate the remainder when 21931069 is divided by 558.
553
What is the remainder when 433784 is divided by 12393?
29
What is the remainder when 7259518 is divided by 2275?
2268
What is the remainder when 2159085 is divided by 1187?
1119
Calculate the remainder when 1839900 is divided by 322.
314
What is the remainder when 487115 is divided by 97190?
1165
What is the remainder when 2875475 is divided by 41?
22
Calculate the remainder when 30864959 is divided by 80.
79
Calculate the remainder when 839560 is divided by 104945.
0
Calculate the remainder when 170283107 is divided by 388.
383
Calculate the remainder when 29034495 is divided by 597.
594
What is the remainder when 2771729 is divided by 32229?
35
Calculate the remainder when 185810713 is divided by 43.
16
Calculate the remainder when 85129400 is divided by 611.
603
Calculate the remainder when 27208 is divided by 6634.
672
Calculate the remainder when 844692 is divided by 13624.
4
What is the remainder when 33445 is divided by 14850?
3745
What is the remainder when 237701 is divided by 19805?
41
Calculate the remainder when 6763 is divided by 31.
5
Calculate the remainder when 3771258 is divided by 361.
252
Calculate the remainder when 34509 is divided by 197.
34
What is the remainder when 15635 is divided by 987?
830
What is the remainder when 7684122 is divided by 28?
26
What is the remainder when 192648 is divided by 220?
148
What is the remainder when 19448 is divided by 1344?
632
Calculate the remainder when 66356 is divided by 6633.
26
What is the remainder when 719933 is divided by 71975?
183
Calculate the remainder when 34817372 is divided by 26.
18
What is the remainder when 1508986 is divided by 107760?
346
Calculate the r